{"id":37,"date":"2023-02-05T20:10:55","date_gmt":"2023-02-05T20:10:55","guid":{"rendered":"https:\/\/judo-gruenstadt.eu\/?page_id=37"},"modified":"2025-09-23T20:46:33","modified_gmt":"2025-09-23T20:46:33","slug":"impressum","status":"publish","type":"page","link":"https:\/\/judo-gruenstadt.de\/?page_id=37","title":{"rendered":"Impressum"},"content":{"rendered":"\n<p>Diese Seite wird vom 1. Judo-Club Gr\u00fcnstadt e.V. betrieben<br><br>Ansprechpartner:<br>1. Judo-Club Gr\u00fcnstadt e.V.\u00a0<br>Norbert Ehresmann<br>Weinbietring 4<br>67227 Frankenthal (Pfalz)<br>Tel.: 0174\/2811222<br>E-MAIL: n.ehresmann[at]judo-gruenstadt.de<br><br>Webadmin-Team: Niklas Theis, Patrick B\u00fchler \u00a0\u00a0 webadmin[at]judo-gruenstadt.de<\/p>\n\n\n\n<p><strong><u>Haftungsausschluss \/ Copyright<\/u>&nbsp;<\/strong><br \/>Der 1. Judo-Club Gr\u00fcnstadt e.V. \u00fcbernimmt keinerlei Gew\u00e4hr f\u00fcr Aktualit\u00e4t, Korrektheit, Vollst\u00e4ndigkeit oder Qualit\u00e4t der bereitgestellten Informationen. Alle Angebote sind freibleibend und unverbindlich.<br \/>Der 1. Judo-Club Gr\u00fcnstadt e.V. beh\u00e4lt sich ausdr\u00fccklich vor, Teile der Seiten oder das gesamte Angebot ohne gesonderte Ank\u00fcndigung zu ver\u00e4ndern, zu erg\u00e4nzen, zu l\u00f6schen oder die Ver\u00f6ffentlichung zeitweise oder endg\u00fcltig einzustellen.&nbsp;Die Ver\u00f6ffentlichungen und Inhalte auf diesen Seiten unterliegen dem deutschen Urheberrecht.&nbsp;Der 1. Judo-Club Gr\u00fcnstadt e.V. ist bestrebt, in allen Publikationen die Urheberrechte der verwendeten Grafiken und Texte zu beachten und von ihm selbst erstellte Grafiken und Texte zu nutzen oder auf lizenzfreie Grafiken und Texte zur\u00fcckzugreifen.<br \/>Die Vervielf\u00e4ltigung, Bearbeitung und jede Art der Verwertung von Inhalten dieser Seiten au\u00dferhalb der Grenzen des Urheberrechtes bed\u00fcrfen der Zustimmung des 1. Judo-Club Gr\u00fcnstadt e.V.&nbsp;<br \/>\u00a9 2006 1. Judo-Club Gr\u00fcnstadt e.V. &#8211; Alle Rechte vorbehalten.&nbsp;<\/p>\n","protected":false},"excerpt":{"rendered":"<p>Diese Seite wird vom 1. Judo-Club Gr\u00fcnstadt e.V. betrieben Ansprechpartner:1. Judo-Club Gr\u00fcnstadt e.V.\u00a0Norbert EhresmannWeinbietring 467227 Frankenthal (Pfalz)Tel.: 0174\/2811222E-MAIL: n.ehresmann[at]judo-gruenstadt.de Webadmin-Team: Niklas Theis, Patrick B\u00fchler \u00a0\u00a0 webadmin[at]judo-gruenstadt.de Haftungsausschluss \/ Copyright&nbsp;Der 1. [&hellip;]<\/p>\n","protected":false},"author":1,"featured_media":0,"parent":0,"menu_order":0,"comment_status":"closed","ping_status":"closed","template":"","meta":{"footnotes":""},"class_list":["post-37","page","type-page","status-publish","hentry"],"_links":{"self":[{"href":"https:\/\/judo-gruenstadt.de\/index.php?rest_route=\/wp\/v2\/pages\/37","targetHints":{"allow":["GET"]}}],"collection":[{"href":"https:\/\/judo-gruenstadt.de\/index.php?rest_route=\/wp\/v2\/pages"}],"about":[{"href":"https:\/\/judo-gruenstadt.de\/index.php?rest_route=\/wp\/v2\/types\/page"}],"author":[{"embeddable":true,"href":"https:\/\/judo-gruenstadt.de\/index.php?rest_route=\/wp\/v2\/users\/1"}],"replies":[{"embeddable":true,"href":"https:\/\/judo-gruenstadt.de\/index.php?rest_route=%2Fwp%2Fv2%2Fcomments&post=37"}],"version-history":[{"count":3,"href":"https:\/\/judo-gruenstadt.de\/index.php?rest_route=\/wp\/v2\/pages\/37\/revisions"}],"predecessor-version":[{"id":688,"href":"https:\/\/judo-gruenstadt.de\/index.php?rest_route=\/wp\/v2\/pages\/37\/revisions\/688"}],"wp:attachment":[{"href":"https:\/\/judo-gruenstadt.de\/index.php?rest_route=%2Fwp%2Fv2%2Fmedia&parent=37"}],"curies":[{"name":"wp","href":"https:\/\/api.w.org\/{rel}","templated":true}]}}