{"id":58,"date":"2023-02-05T21:28:43","date_gmt":"2023-02-05T20:28:43","guid":{"rendered":"https:\/\/judo-gruenstadt.eu\/?page_id=58"},"modified":"2024-05-14T08:07:50","modified_gmt":"2024-05-14T08:07:50","slug":"trainigsort","status":"publish","type":"page","link":"https:\/\/judo-gruenstadt.de\/?page_id=58","title":{"rendered":"Trainingsort"},"content":{"rendered":"\n<p>Unser Training findet an den angegebenenen Zeiten in der&nbsp;<br>alten Turnhalle des Leininger Gymnasiums im Kreuzerweg in Gr\u00fcnstadt &nbsp;statt.&nbsp;<br>(\u00fcber ehemaligem Lehrschwimmbecken)&nbsp;<br><br>Parkm\u00f6glichkeiten sind auf dem Parkplatz neben dem Rathaus der Stadt Gr\u00fcnstadt vorhanden.&nbsp;Von dort ereichen Sie die Turnhalle \u00fcber die jeweiligen Schulh\u00f6fe.&nbsp;<br><br>Bitte beachten Sie, dass wir durch die Nutzung einer Schulturnhalle auch an die entsprechenden Schulferien gebunden sind.&nbsp;<br>Demnach findet in den Ferien kein Training statt.<\/p>\n\n\n\n<p>Von der Autobahn \/ aus Richtung Kirchheim (Wstr) kommend:<br>fahren Sie im Kreisel Richtung Gr\u00fcnstadt, bleiben auf der Kirchheimerstr., \u00fcberqueren den Bahn\u00fcbergang&nbsp;und fahren an der Aral- und Shell-Tankstelle vorbei. Danach biegen Sie die erste M\u00f6glichkeit links in den S\u00fcdring ab.<br>Dort die 2. M\u00f6glichkeit rechts abbiegen und Sie befinden sich im Kreuzerweg.<br>Nach 500m sehen Sie links den o.g. Parkplatz.<\/p>\n\n\n\n<p>Aus Richtung Asselheim kommend &nbsp;<br>fahren Sie bis zum Kreisel an der Polizei. Dort nehmen Sie die erste Ausfahrt. Anschlie\u00dfend fahren Sie links&nbsp;an der Metzgerei und Apotheke vorbei.<br>Dann weiter gerade aus \u00fcber die Kreuzung und Sie befinden sich im Kreuzerweg<br>Nach 100m sehen Sie rechts den o.g. Parkplatz&nbsp;<\/p>\n\n\n\n<div data-wp-interactive=\"core\/file\" class=\"wp-block-file\"><object data-wp-bind--hidden=\"!state.hasPdfPreview\" hidden class=\"wp-block-file__embed\" data=\"https:\/\/judo-gruenstadt.de\/wp-content\/uploads\/2023\/05\/So_finden_Sie_uns.pdf\" type=\"application\/pdf\" style=\"width:100%;height:600px\" aria-label=\"Einbettung von So_finden_Sie_uns.\"><\/object><a id=\"wp-block-file--media-08be27fd-222b-4fc4-93ca-a4904b6676e8\" href=\"https:\/\/judo-gruenstadt.de\/wp-content\/uploads\/2023\/05\/So_finden_Sie_uns.pdf\">So_finden_Sie_uns<\/a><a href=\"https:\/\/judo-gruenstadt.de\/wp-content\/uploads\/2023\/05\/So_finden_Sie_uns.pdf\" class=\"wp-block-file__button wp-element-button\" download aria-describedby=\"wp-block-file--media-08be27fd-222b-4fc4-93ca-a4904b6676e8\">Herunterladen<\/a><\/div>\n","protected":false},"excerpt":{"rendered":"<p>Unser Training findet an den angegebenenen Zeiten in der&nbsp;alten Turnhalle des Leininger Gymnasiums im Kreuzerweg in Gr\u00fcnstadt &nbsp;statt.&nbsp;(\u00fcber ehemaligem Lehrschwimmbecken)&nbsp; Parkm\u00f6glichkeiten sind auf dem Parkplatz neben dem Rathaus der Stadt Gr\u00fcnstadt vorhanden.&nbsp;Von dort ereichen Sie die Turnhalle \u00fcber die jeweiligen Schulh\u00f6fe.&nbsp; Bitte beachten Sie, dass wir durch die Nutzung einer Schulturnhalle auch an die entsprechenden [&hellip;]<\/p>\n","protected":false},"author":1,"featured_media":0,"parent":0,"menu_order":0,"comment_status":"closed","ping_status":"closed","template":"","meta":{"footnotes":""},"class_list":["post-58","page","type-page","status-publish","hentry"],"_links":{"self":[{"href":"https:\/\/judo-gruenstadt.de\/index.php?rest_route=\/wp\/v2\/pages\/58","targetHints":{"allow":["GET"]}}],"collection":[{"href":"https:\/\/judo-gruenstadt.de\/index.php?rest_route=\/wp\/v2\/pages"}],"about":[{"href":"https:\/\/judo-gruenstadt.de\/index.php?rest_route=\/wp\/v2\/types\/page"}],"author":[{"embeddable":true,"href":"https:\/\/judo-gruenstadt.de\/index.php?rest_route=\/wp\/v2\/users\/1"}],"replies":[{"embeddable":true,"href":"https:\/\/judo-gruenstadt.de\/index.php?rest_route=%2Fwp%2Fv2%2Fcomments&post=58"}],"version-history":[{"count":3,"href":"https:\/\/judo-gruenstadt.de\/index.php?rest_route=\/wp\/v2\/pages\/58\/revisions"}],"predecessor-version":[{"id":541,"href":"https:\/\/judo-gruenstadt.de\/index.php?rest_route=\/wp\/v2\/pages\/58\/revisions\/541"}],"wp:attachment":[{"href":"https:\/\/judo-gruenstadt.de\/index.php?rest_route=%2Fwp%2Fv2%2Fmedia&parent=58"}],"curies":[{"name":"wp","href":"https:\/\/api.w.org\/{rel}","templated":true}]}}